 remainder when 11090 is divided by 75?
65
What is the remainder when 5094 is divided by 124?
10
What is the remainder when 5909 is divided by 1541?
1286
Calculate the remainder when 73484 is divided by 2294.
76
What is the remainder when 17814 is divided by 5933?
15
What is the remainder when 187031 is divided by 92?
87
Calculate the remainder when 62000 is divided by 29.
27
Calculate the remainder when 1921142 is divided by 343.
342
Calculate the remainder when 2710 is divided by 203.
71
Calculate the remainder when 20900 is divided by 332.
316
Calculate the remainder when 118509 is divided by 644.
13
Calculate the remainder when 872780 is divided by 9.
5
Calculate the remainder when 69280 is divided by 9893.
29
Calculate the remainder when 556904 is divided by 129.
11
What is the remainder when 4411 is divided by 2200?
11
What is the remainder when 129877 is divided by 22?
11
Calculate the remainder when 1563128 is divided by 361.
359
What is the remainder when 20353 is divided by 291?
274
What is the remainder when 11575 is divided by 2885?
35
Calculate the remainder when 7521 is divided by 464.
97
What is the remainder when 9007 is divided by 2407?
1786
What is the remainder when 195579 is divided by 5?
4
What is the remainder when 549174 is divided by 1017?
1011
Calculate the remainder when 640624 is divided by 385.
369
Calculate the remainder when 983 is divided by 530.
453
Calculate the remainder when 1565349 is divided by 216.
213
What is the remainder when 1303 is divided by 7?
1
Calculate the remainder when 1131 is divided by 63.
60
What is the remainder when 384098 is divided by 384094?
4
Calculate the remainder when 39864 is divided by 676.
656
What is the remainder when 919 is divided by 11?
6
What is the remainder when 6683 is divided by 96?
59
What is the remainder when 8494 is divided by 72?
70
What is the remainder when 186371 is divided by 71?
67
What is the remainder when 1779124 is divided by 444777?
16
What is the remainder when 1619239 is divided by 1269?
1264
What is the remainder when 35259 is divided by 33?
15
What is the remainder when 1304 is divided by 143?
17
What is the remainder when 175926 is divided by 21990?
6
What is the remainder when 18603 is divided by 1691?
2
Calculate the remainder when 8475 is divided by 269.
136
Calculate the remainder when 28599 is divided by 7145.
19
Calculate the remainder when 7219 is divided by 532.
303
What is the remainder when 12980 is divided by 75?
5
Calculate the remainder when 886115 is divided by 24.
11
Calculate the remainder when 17327 is divided by 8647.
33
What is the remainder when 6218 is divided by 2047?
77
What is the remainder when 26358 is divided by 28?
10
Calculate the remainder when 6311 is divided by 58.
47
What is the remainder when 135734 is divided by 188?
186
What is the remainder when 35101 is divided by 538?
131
What is the remainder when 4849 is divided by 156?
13
What is the remainder when 13581 is divided by 121?
29
Calculate the remainder when 6584 is divided by 1095.
14
Calculate the remainder when 3989 is divided by 785.
64
What is the remainder when 1545 is divided by 681?
183
Calculate the remainder when 3896 is divided by 552.
32
What is the remainder when 61521 is divided by 47?
45
What is the remainder when 1752 is divided by 35?
2
Calculate the remainder when 5131 is divided by 115.
71
What is the remainder when 58862 is divided by 26?
24
What is the remainder when 132121 is divided by 875?
871
Calculate the remainder when 6885 is divided by 193.
130
Calculate the remainder when 2395 is divided by 2370.
25
What is the remainder when 47452 is divided by 47408?
44
Calculate the remainder when 1409 is divided by 41.
15
Calculate the remainder when 7903 is divided by 155.
153
Calculate the remainder when 45928 is divided by 42.
22
What is the remainder when 2618 is divided by 872?
2
Calculate the remainder when 731 is divided by 439.
292
Calculate the remainder when 107922 is divided by 421.
146
Calculate the remainder when 57665 is divided by 2131.
128
Calculate the remainder when 94974 is divided by 131.
130
What is the remainder when 6529 is divided by 348?
265
Calculate the remainder when 2373 is divided by 833.
707
What is the remainder when 4634 is divided by 46?
34
Calculate the remainder when 133633 is divided by 192.
1
Calculate the remainder when 7596 is divided by 1495.
121
Calculate the remainder when 6176 is divided by 255.
56
Calculate the remainder when 1003208 is divided by 14.
10
What is the remainder when 83667 is divided by 3983?
24
What is the remainder when 969 is divided by 135?
24
What is the remainder when 14199 is divided by 37?
28
Calculate the remainder when 948675 is divided by 29646.
3
Calculate the remainder when 830 is divided by 326.
178
Calculate the remainder when 17651 is divided by 1230.
431
Calculate the remainder when 18712 is divided by 77.
1
Calculate the remainder when 347148 is divided by 43390.
28
What is the remainder when 18427 is divided by 217?
199
Calculate the remainder when 1272 is divided by 152.
56
Calculate the remainder when 55571 is divided by 27539.
493
Calculate the remainder when 2117 is divided by 38.
27
What is the remainder when 1581262 is divided by 24?
22
What is the remainder when 21084 is divided by 233?
114
Calculate the remainder when 7914 is divided by 2754.
2406
Calculate the remainder when 230 is divided by 59.
53
Calculate the remainder when 36043 is divided by 6005.
13
What is the remainder when 184 is divided by 138?
46
Calculate the remainder when 2241 is divided by 51.
48
What is the remainder when 586353 is divided by 293169?
15
Calculate the remainder when 1654 is divided by 167.
151
Calculate the remainder when 267460 is divided by 66865.
0
What is the remainder when 35396 is divided by 13?
10
Calculate the remainder when 716 is divided by 367.
349
What is the remainder when 42334 is divided by 131?
21
Calculate the remainder when 4838 is divided by 683.
57
What is the remainder when 141715 is divided by 10901?
2
What is the remainder when 120 is divided by 49?
22
Calculate the remainder when 4725 is divided by 2345.
35
What is the remainder when 26827 is divided by 193?
0
What is the remainder when 47871 is divided by 23932?
7
What is the remainder when 92503 is divided by 5?
3
What is the remainder when 6649 is divided by 6493?
156
Calculate the remainder when 672 is divided by 330.
12
What is the remainder when 9930 is divided by 22?
8
Calculate the remainder when 16824 is divided by 1142.
836
What is the remainder when 41479 is divided by 8294?
9
What is the remainder when 111885 is divided by 24?
21
Calculate the remainder when 2436454 is divided by 634.
626
Calculate the remainder when 37279 is divided by 193.
30
Calculate the remainder when 229997 is divided by 625.
622
Calculate the remainder when 3638 is divided by 401.
29
What is the remainder when 565521 is divided by 38?
5
What is the remainder when 320 is divided by 11?
1
What is the remainder when 9056 is divided by 251?
20
What is the remainder when 102878 is divided by 111?
92
Calculate the remainder when 106625 is divided by 81.
29
Calculate the remainder when 28720 is divided by 89.
62
What is the remainder when 61055 is divided by 12?
11
Calculate the remainder when 52691 is divided by 52646.
45
Calculate the remainder when 8644 is divided by 65.
64
What is the remainder when 39174 is divided by 26?
18
Calculate the remainder when 1197 is divided by 102.
75
Calculate the remainder when 8251 is divided by 39.
22
Calculate the remainder when 9243 is divided by 2644.
1311
Calculate the remainder when 91701 is divided by 52.
25
What is the remainder when 4803 is divided by 1077?
495
Calculate the remainder when 8399 is divided by 10.
9
Calculate the remainder when 30993 is divided by 738.
735
Calculate the remainder when 996 is divided by 6.
0
What is the remainder when 1426325 is divided by 182?
173
What is the remainder when 21721 is divided by 110?
51
Calculate the remainder when 310 is divided by 74.
14
Calculate the remainder when 7289 is divided by 1788.
137
Calculate the remainder when 32881 is divided by 16434.
13
Calculate the remainder when 2691956 is divided by 24.
20
What is the remaind